q**2 - 5*q + 14. Suppose 23 = -5*o - 5*h - 2, 5*h + 1 = -o. What is the units digit of j(o)?
0
Suppose 4*c + 2712 = 10*c. Suppose -f - 3*f + 4*u = -c, 5*u - 535 = -5*f. What is the tens digit of f?
1
Let p(q) = -3*q**3 - 4*q**2 - 3*q - 2. Let f be p(-2). Let w be (-5)/((-10)/f) - 4. Suppose c = -w*c + 63. What is the tens digit of c?
2
Suppose 2300 = 2*a - a + g, -a + 3*g + 2308 = 0. What is the units digit of a?
2
Let g(l) = l**2 + 39*l + 159. Let w be g(-35). Suppose -3*k + 13 = 49. Let x = k + w. What is the units digit of x?
7
Let f = -606 + 1135. What is the units digit of f?
9
Let j(p) = 23*p + 160. What is the units digit of j(9)?
7
Let o(h) = 71*h**2 - 103*h - 17. What is the thousands digit of o(7)?
2
Let i(g) = -g**3 + 9*g**2 - 5*g - 3. Let k(u) = 8*u**2 - 2*u + 2. Suppose -2*b - b = -3. Let r be k(b). What is the units digit of i(r)?
1
Let y(h) = h**3 + 14*h**2 + 14*h + 32. Let r be y(-14). Let m = 307 + r. What is the tens digit of m?
4
Suppose 0 = j, -5*j - 43 = c - 117. What is the units digit of c?
4
Suppose -3 = 2*c - 9. Suppose 26 + 175 = c*g. Let k = g + -29. What is the units digit of k?
8
Suppose -q + 4*a + 1358 = -909, 3*a - 6771 = -3*q. What is the hundreds digit of q?
2
Let h(m) = -2*m**2 - 39*m + 16. Let a be h(-20). What is the tens digit of 182/(((a + 3)/(-1))/1)?
8
Let f(c) = -6*c + 14*c + 4*c**3 - 10*c**2 - c**3 - 3 - 2*c**3. What is the units digit of f(10)?
7
Suppose 5*n - 4*n = 5*f - 39, 4*f = -n + 24. Suppose f*j = 6*j + 62. What is the tens digit of j?
6
Suppose 0 = -z + 5*j + 901, 24*j = -5*z + 22*j + 4370. What is the units digit of z?
6
Suppose 7*b - 2*b - 70 = 0. Let t = -145 + 166. Suppose -b = 4*d - 2, -3*y = 4*d - t. What is the tens digit of y?
1
What is the tens digit of 4*(468/4 - -1)?
7
Suppose 4*s = 9 + 7. Suppose s*c + 375 = 9*c. What is the tens digit of c?
7
Suppose -5*a - 221 = -2*w, -w - 33*a = -28*a - 73. What is the units digit of w?
8
Let g(x) = -3*x + 1. Let s(q) = -q**3 - 5*q**2 - q - 6. Let m be s(-5). Let r be g(m). Let o(p) = -p**2 + 8*p - 9. What is the units digit of o(r)?
7
Let u(c) be the second derivative of c**5/20 + 5*c**4/6 - c**3/2 - 17*c**2/2 + 7*c. What is the hundreds digit of u(-7)?
1
Let x = -36 - -34. What is the tens digit of 394*((-4 - 0)/4)/x?
9
Let o be 6 - (-9)/(27/6). Let x be o/(-20) + (-1086)/10. Let b = x + 189. What is the units digit of b?
0
Suppose -71 + 507 = 5*x + s, -284 = -3*x + 5*s. What is the units digit of x + (2/4)/((-2)/(-4))?
9
Let x(p) = -2 - 8 + 1 + p - 10. What is the units digit of x(24)?
5
Let o be (-1*2)/(1/2). Let z(d) = -3*d + 21. Let f(b) = b - 11. Let i(q) = 9*f(q) + 5*z(q). What is the tens digit of i(o)?
3
Let b(m) = 0*m**2 + 4*m**2 + 2 - m**2 + 6*m. Suppose -3*d + 10 = 22. What is the tens digit of b(d)?
2
Let t(p) = p**2 - p + 1. Let c(v) = -5*v**2 + 16*v - 14. Let i(q) = -c(q) - 6*t(q). What is the units digit of i(-8)?
4
Let y = -22 + 11. Let l(r) = -r**3 - 10*r**2 + 11*r - 8. Let k be l(y). Let f = k - -9. What is the units digit of f?
1
Suppose -34*g - 5839 = -22533. What is the units digit of g?
1
Let c(s) = -6*s**3 + 4*s**2 + s - 4. Suppose -29 = -4*y - 37. What is the units digit of c(y)?
8
Suppose -1992 = -8*f - 288. What is the tens digit of f?
1
Suppose 117 = 12*o + 81. What is the units digit of o?
3
Let f be 3 - (-28)/(-4) - -6. Suppose -2*l + 4*l = -f. What is the units digit of l/(-4) + 1121/76?
5
Let s(m) = m + 1. Let j be s(1). Let k(p) = j + 7*p - 12*p - 2. What is the units digit of k(-2)?
0
Let t be 0/(3 + (-8)/4). Suppose t = d + d - 4. What is the units digit of d/7 - (-225)/21?
1
Let i(j) = j**3 - 5*j**2 + 4*j + 3. Let r be i(4). Suppose -2*n - r*l = -7, 4*n - 4 = -n - 3*l. Let w(a) = 25*a**2 + 2*a + 1. What is the tens digit of w(n)?
2
Let y(o) be the second derivative of -1/3*o**3 - 7/2*o**2 - 4*o + 0. What is the units digit of y(-6)?
5
Let t(u) = 3*u + 9. Let h be t(3). Let g = h + -16. Suppose -g*c + 52 = -44. What is the units digit of c?
8
Suppose -38*q + 11868 = -6676. What is the tens digit of q?
8
Let y = -125 - -175. Let d = y + -40. What is the units digit of d?
0
Let i be -2 + (-24)/(-15) + (-34)/(-10). What is the units digit of i/15 + (-394)/(-5)?
9
Suppose -9*f = -8*f - 283. What is the units digit of f?
3
Suppose 0 = -20*l + 5*l + 10290. What is the tens digit of l?
8
Suppose 2*b - 313 = -3*c - 0*b, 2*c - 212 = -2*b. Let o = c + -55. What is the tens digit of o?
4
Suppose -4*m - 7 = -o, o = -0*o + 5*m + 10. Let y = 12 + o. Let h(t) = t**3 - 5*t**2 - 6*t + 12. What is the units digit of h(y)?
8
Suppose -d - 3*d = -12. Suppose 3055 = 4*n + 3*z, -d*n + n - 3*z = -1529. What is the tens digit of 24/180 + n/15?
5
Suppose 23 = -g - 5*y + 10, 4*g - 20 = 4*y. Let r = 21 - 17. Suppose r*k - 19 = -5*i - 0*k, -36 = -4*i + g*k. What is the units digit of i?
7
What is the tens digit of 1*(697 + (5 - 11))?
9
Suppose -3*s + 2*s - 4*z - 40 = 0, 0 = 2*s - 5*z + 15. Let l = s - -18. What is the units digit of 1/(l + (-61)/(-30))?
0
Let l(b) = -4*b**3 + 3*b**3 - 7*b**2 - 12*b + 8*b - 2. What is the tens digit of l(-7)?
2
Let d(t) = -7*t - 3. Let n = -11 - -12. Let a(z) = -z. Let j(r) = n*d(r) + 3*a(r). What is the units digit of j(-2)?
7
Let o = 677 - 386. Suppose 5*g - o = -66. What is the units digit of (-824)/(-18) - (-10)/g?
6
Suppose -4*a + 3*a + 85 = 4*c, 0 = -c. Suppose 2*t + a = 295. What is the tens digit of t?
0
Let c(b) = -2*b + 5. Let q be c(0). Suppose -q*o = -n - 476, -5*o + 2*n = -3*n - 480. What is the units digit of o?
5
Suppose -244*h + 64428 = -223*h. What is the tens digit of h?
6
Let r(i) = -1558*i - 283. What is the tens digit of r(-2)?
3
Let p = 176 - 99. Let u = p + -9. What is the units digit of u?
8
Let y(d) = -1 - 14*d + 6*d + 5 + 6*d. Let v be y(2). Suppose v = 6*r - 164 - 118. What is the units digit of r?
7
Suppose 0*t = 4*t + 4. Let v be (1 + -152 + -1)*t. What is the tens digit of -5*(-2 + v/(-20))?
4
Suppose 4*g - 41 - 71 = 0. Suppose -14*o + 16*o = g. What is the tens digit of o?
1
Let f = 16 - 14. Suppose 26 = -f*g + 182. What is the tens digit of 9/6*g/3?
3
Let n(v) = -40*v - 15. What is the tens digit of n(-12)?
6
Suppose 0 = 4*q + 4*h - 1408, 495 = 5*q + 2*h - 1250. What is the tens digit of q?
4
Suppose 2*n - 3*n + 4 = 4*g, g = 0. Suppose 0*b = -n*b + 5*k + 33, 0 = -4*k - 20. Suppose 9 = b*v - 5. What is the units digit of v?
7
Suppose 13*k - 4770 = 4*k. Suppose 0 = -0*n + 5*n - k. What is the tens digit of n?
0
Suppose -17*r = -4*r - 2470. What is the hundreds digit of r?
1
Suppose -6 = 2*q, 13*o = 16*o - 2*q - 243. What is the tens digit of o?
7
Suppose -5*u = 756 - 2736. What is the units digit of u?
6
Let k = -6 - 32. Let j = 131 + k. What is the units digit of j?
3
Let y(h) = 2*h**2 + 0 + h - 4 - h**2 + 3. Let n be y(3). Suppose n*f - 6*f = 95. What is the units digit of f?
9
Suppose -2*h + 46 = -0*h. Let f = -23 + h. Suppose -6*w = -f*w - 108. What is the units digit of w?
8
Let j(u) = 6*u - 26. Let r be j(5). Suppose -20 + 12 = -r*m. What is the units digit of m?
2
Suppose 10*h - 41453 = -2453. What is the units digit of h?
0
Suppose 4*c = 3*c - 8. What is the units digit of (38 + 0/2)*(-4)/c?
9
Let b = 915 - 647. What is the tens digit of b?
6
Let b = 1 - 4. Let c be (-27)/(-6)*2/b. Let x(z) = z**2 + 2*z - 2. What is the units digit of x(c)?
1
Suppose 18*a - 12*a = 630. What is the hundreds digit of a?
1
Let t be 20/(-15)*-3 + -144. Let r = t - -287. What is the units digit of r?
7
Suppose 2*p - 6*p = -100. Let g = 55 - p. What is the tens digit of g?
3
Let n(w) = 35*w + 30. What is the units digit of n(16)?
0
Let m(o) be the third derivative of -o**5/60 - 29*o**4/24 + 7*o**3/3 + 17*o**2. What is the units digit of m(-27)?
8
Let n = 9 - 6. Let i be (-123 - 2) + (n - 7). What is the tens digit of i/6*1*-2?
4
Let n be (-48)/40*(-2900)/6. Suppose -2*y - 2*y + n = 0. What is the hundreds digit of y?
1
Suppose 295*p - 301*p = -15936. What is the hundreds digit of p?
6
Let o = 25 - 11. Let x(c) = c**2 - 20*c + 12. Let i be x(o). Let b = i - -131. What is the tens digit of b?
5
Let g = -70 - -67. What is the units digit of 840/(-8)*g*2/9?
0
Suppose -2*q - d + 9 = -0*d, -2*q = -2*d - 6. Suppose x + 20 = -z + 2*z, -q*z = 0. What is the tens digit of 5/x - 330/(-8)?
4
Suppos